he remainder when 14 is divided by c.
5
Let f = 219 - 216. Suppose 0 = 3*d - 8*d + p + 411, f*d = 4*p + 250. What is the remainder when d is divided by 45?
37
Let w(y) = -y**3 - 16*y**2 + 39*y + 378. Calculate the remainder when 1268 is divided by w(-17).
0
Let c = -128 + 28. Let s be 658/(-8) + ((-44)/16)/(-11). Let z = s - c. What is the remainder when 86 is divided by z?
14
Let s = -3011 - -3089. Calculate the remainder when s is divided by 64.
14
Suppose u = 3*f + 5*u - 498, 2*u - 166 = -f. Suppose -1794 - f = -14*a. Calculate the remainder when a is divided by 42.
14
Let i(v) = 14 - v**2 + 2*v**2 + 10*v**2 - 515*v + 526*v + v**3. What is the remainder when i(-10) is divided by 3?
1
Suppose -218 - 734 = -14*q. What is the remainder when 253 is divided by q?
49
Let s(k) = -113*k - 13. Let o be s(-1). Calculate the remainder when 93 is divided by 292/6 - (o/(-12) + 9).
45
Suppose 0 = -11*j - 44, 5*j + 114 = 5*d - 251. What is the remainder when 232 is divided by d?
25
Let o = 3722 - 1025. Calculate the remainder when o is divided by 50.
47
Calculate the remainder when ((-3216)/32 + 25)*(-4)/2 is divided by 54.
43
Calculate the remainder when ((-134)/4)/(12/864*-4) is divided by 182.
57
Let g(p) = p**3 + 10*p**2 + 6*p + 5. Let b be g(-10). Let l = 50 + b. What is the remainder when 143 is divided by (0 + l + 34)/1?
27
Let g = -111 - -534. Let w = g + -409. What is the remainder when 42 is divided by w?
0
Suppose 35202*v - 1932 = 35174*v. What is the remainder when 2889 is divided by v?
60
Let g(n) = 22*n + 5. Let w be g(-3). Let k = w + 92. Let x = k - 26. What is the remainder when 12 is divided by x?
2
What is the remainder when 468 is divided by (5 - -55)*38/95?
12
Let c = 403 + -401. Suppose -14*x - c*x = -832. Calculate the remainder when x is divided by 9.
7
What is the remainder when 520 + (-7 - 63)/(-7) is divided by 67?
61
Suppose 3*r - 2*q - 369 = -5*q, 5*q - 488 = -4*r. Let i(p) = 2*p**2 - 10*p + 5. Calculate the remainder when r is divided by i(7).
28
Let l(t) = 3 + 4*t**2 + 5*t + 3 - 3*t**2. Let n be -12*-14*(-6)/252. Calculate the remainder when 5 is divided by l(n).
1
Suppose 4 = 6*k - 5*k. Suppose -k*x - 10*u + 250 = -9*u, -3*u + 246 = 4*x. Let a = 10 + 22. What is the remainder when x is divided by a?
31
Let c = 9 - 5. Suppose 0 = -4*s - 0*w + c*w + 24, -5*s + 30 = 4*w. Suppose -8*q = -35*q + 621. What is the remainder when q is divided by s?
5
Suppose 13*w - 5446 = -w. Let g = w - 224. What is the remainder when g is divided by 57?
51
Let p(a) = 17*a - 21 - 4 + a**2 - 19. Calculate the remainder when 111 is divided by p(-20).
15
Suppose 2*t = 28 - 30. Let h be (t/(-1))/((3 - 2)/(-3)). Let l(s) = s**2 - 3*s + 2. Calculate the remainder when 53 is divided by l(h).
13
Suppose 1849 = 5*d + 109*q - 108*q, -d + 367 = 3*q. Calculate the remainder when d is divided by 251/4 + (-9)/12.
60
Let w(y) = y**3 - 7*y**2 + 10*y - 10. Let t be w(3). Calculate the remainder when 87 is divided by (-1125)/(-40) - (-2)/t.
3
Suppose 2*f - 310 + 4740 = 5*h, -5*h + 4430 = 3*f. Calculate the remainder when h is divided by 10.
6
Let s(d) = 12*d + 12*d - 6*d**3 - 6 + d**3 - 7*d**2 + 7*d**3 - 3*d. Calculate the remainder when s(5) is divided by 4.
2
Suppose 2*o + 340 = z, -3*z = -o - 4*z - 164. Calculate the remainder when 37 is divided by (-2950)/(-105) - (-16)/o.
9
Suppose -36 = 3*o - 7*o. What is the remainder when ((3 - (-44)/(-8)) + 3)/(20/1400) is divided by o?
8
Suppose -3*g = 5*k - 1816, -61*g - 4*k = -62*g + 577. Calculate the remainder when g is divided by 290.
17
Let p be (-175)/(-15) - (-2)/6. Calculate the remainder when 0 - 354/p*2*-3 is divided by 10.
7
Suppose 7*g + 23 = 338. Let t(w) = w**3 - 11*w**2 + w - 15. Let z be t(11). What is the remainder when g is divided by 0 - z*(4 - -2)?
21
Suppose 12*s + 15290 = -22558. What is the remainder when 100 is divided by 3/(-10) - s/380?
4
Let b(u) = -27*u**3 + 47*u**2 - 13*u - 26. What is the remainder when b(-8) is divided by 112?
110
Suppose 5*w + s - 78 = -0*s, 5*w - 3*s = 66. Suppose 0 = -2*a + 4*g - 36, -a - 28 = -0*a - 4*g. Let d = 35 - a. What is the remainder when d is divided by w?
13
Suppose -5*d = 3*o + 51, 12 + 29 = -2*o - d. Let w = o - -27. Suppose -k + w*k = 264. Calculate the remainder when k is divided by 23.
20
Let m(p) = -7*p - 12. Let z = 178 + -184. What is the remainder when 58 is divided by m(z)?
28
Suppose 0 = -5*m, 8*l - m = 3*l + 4150. Suppose -828*v = -l*v + 82. What is the remainder when 88 is divided by v?
6
What is the remainder when 7173*3/27*1 is divided by 117?
95
Suppose 4*p = -2*c - p + 167, -5*c = -p - 404. Let z be (1968/56 - -6)/(1/91). Calculate the remainder when c is divided by 9/21 + z/182.
18
Let j = 581 + -326. What is the remainder when 10962 is divided by j?
252
Suppose s - h = 65, -13*s + 16*s + 3*h - 207 = 0. Calculate the remainder when 991 is divided by s.
53
Let k be (-10)/(10/7) + 71. Suppose -60*g - 676 = -k*g. Calculate the remainder when g is divided by 9.
7
Suppose -4*r + 5*b - 110 = -2149, 5*b = -2*r + 997. What is the remainder when r is divided by 159?
29
Let c = 10013 - 9202. Calculate the remainder when c is divided by 19.
13
Suppose 191 = z + 179. Let q(a) = 24*a - 71. What is the remainder when q(5) is divided by z?
1
Let c = -24012 - -25032. Calculate the remainder when c is divided by 41.
36
What is the remainder when 68 + -69 + 3 + -4 + 1796 is divided by 139?
126
Suppose -127 = -5*r - 2*f + 26, 32 = r - f. Let i = 8 - 5. Calculate the remainder when r is divided by 10/i + 4/6.
3
Let n(g) = 81*g**3 - 2*g**2 + 2*g - 2. Let c be n(1). Suppose -c*q = -72*q - 133. Calculate the remainder when q is divided by 3.
1
Let q(c) = 6*c + 74. Let l be q(-11). Suppose 45*m = 44*m + l. What is the remainder when 38 is divided by m?
6
Let m = 4 + -7. Calculate the remainder when (-10)/380*-718 - (-2)/19 is divided by 1 - (2 + m) - -2.
3
Let x(s) = -4*s - 50. Let f be x(-13). Suppose 108 = f*w + w. Suppose 0 = -2*o + j + w, -j + 20 = 2*o + 2*j. What is the remainder when 57 is divided by o?
9
Suppose -22*k + 360 = -17*k. Let y = k - 72. Let o(s) = -s + 10. What is the remainder when o(y) is divided by 5?
0
Suppose -4*j + 12 = 0, 1324 = 8*l - 3*l + 3*j. Calculate the remainder when l is divided by 16/(-20) + (-229)/(-5).
38
Suppose -743*j - 3174 = -737*j. Let y = j - -548. Calculate the remainder when 36 is divided by y.
17
Let y = 275 - 275. Suppose y = v - 5, 85*s - 84*s = -3*v + 54. Calculate the remainder when 181 is divided by s.
25
Let p be (-4)/22 + (-18540)/396. Let v = 69 + p. Suppose 4 = 2*d - 8. What is the remainder when v is divided by d?
4
Suppose 3*i = -i + 408. Suppose 0 = -33*z - 226*z + 2331. What is the remainder when i is divided by z?
3
Suppose 125 = -14*l + 853. Calculate the remainder when 276 is divided by l.
16
Let q(y) = y**3 + 64*y**2 + 187*y + 269. What is the remainder when 186 is divided by q(-61)?
11
Suppose 66 = 5*x + 2*g - 6*g, 3*x + 5*g - 10 = 0. Suppose 8*d + 204 = x*d. Calculate the remainder when d is divided by 12.
6
Let h = 65 + -63. Let f(i) = h*i**2 + 17 + 12*i + 3*i - 6*i. Calculate the remainder when 61 is divided by f(-5).
17
Suppose -3079*n + 3078*n + 94 = 0. What is the remainder when 133 is divided by n?
39
Let p be 95/10*108 - 0. Let x = -476 + p. Suppose -56*d + 61*d = x. Calculate the remainder when d is divided by 37.
36
Let n be 3/((-9)/(-6)) + (239 - -4). Let b = -143 + n. Suppose -4*q - 4*g + b = -g, -2*g = -4. Calculate the remainder when q is divided by 14.
10
Let s(b) = 5*b**2 + 10 - 1 - 3*b + 4*b**2 + 5*b - b**3. What is the remainder when s(9) is divided by 14?
13
Let c(r) = r**2 - 22*r + 38. Let n be c(20). Calculate the remainder when 164 is divided by n*(-1 + 3 + 57/(-6)).
14
Suppose 0 = -5*t - 5*a + 215, 0 = -3*t + a + 3*a + 143. Suppose 2*q - 93 = -5*c, 40*c - t*c - 3*q + 97 = 0. Calculate the remainder when 76 is divided by c.
8
Suppose 3*q + 35 = -2*w, -3*w = 3*q - q + 15. Calculate the remainder when (-6)/(-90)*-3 + (-1788)/q is divided by 25.
19
Let u be (-756)/36*(-2 - 0)*1. What is the remainder when 127 is divided by (4/3)/(u/819)?
23
Let j(r) = 19 - 81 + 11*r + 6*r**2 - 25*r. What is the remainder when j(-6) is divided by 20?
18
Let i(g) = 3*g**3 - 3*g**2 + g + 11. Calcula